{"id":18138,"date":"2021-08-25T12:08:10","date_gmt":"2021-08-25T12:08:10","guid":{"rendered":"http:\/\/www.prefeituradavitoria.pe.gov.br\/portal\/?page_id=18138"},"modified":"2025-05-26T23:03:18","modified_gmt":"2025-05-26T23:03:18","slug":"secretaria-executiva-da-mulher","status":"publish","type":"page","link":"http:\/\/www.prefeituradavitoria.pe.gov.br\/portal\/index.php\/secretaria-executiva-da-mulher\/","title":{"rendered":"Secretaria Executiva da Mulher"},"content":{"rendered":"\t\t<div data-elementor-type=\"wp-page\" data-elementor-id=\"18138\" class=\"elementor elementor-18138\">\n\t\t\t\t\t\t<section class=\"elementor-section elementor-top-section elementor-element elementor-element-385e1c3 elementor-section-full_width elementor-hidden-tablet elementor-hidden-phone elementor-section-height-default elementor-section-height-default\" data-id=\"385e1c3\" data-element_type=\"section\" data-e-type=\"section\">\n\t\t\t\t\t\t<div class=\"elementor-container elementor-column-gap-default\">\n\t\t\t\t\t<div class=\"elementor-column elementor-col-100 elementor-top-column elementor-element elementor-element-3cbedca\" data-id=\"3cbedca\" data-element_type=\"column\" data-e-type=\"column\">\n\t\t\t<div class=\"elementor-widget-wrap elementor-element-populated\">\n\t\t\t\t\t\t<div class=\"elementor-element elementor-element-b7f0576 elementor-widget elementor-widget-spacer\" data-id=\"b7f0576\" data-element_type=\"widget\" data-e-type=\"widget\" data-widget_type=\"spacer.default\">\n\t\t\t\t<div class=\"elementor-widget-container\">\n\t\t\t\t\t\t\t<div class=\"elementor-spacer\">\n\t\t\t<div class=\"elementor-spacer-inner\"><\/div>\n\t\t<\/div>\n\t\t\t\t\t\t<\/div>\n\t\t\t\t<\/div>\n\t\t\t\t\t<\/div>\n\t\t<\/div>\n\t\t\t\t\t<\/div>\n\t\t<\/section>\n\t\t\t\t<section class=\"elementor-section elementor-top-section elementor-element elementor-element-12e2a7e elementor-section-boxed elementor-section-height-default elementor-section-height-default\" data-id=\"12e2a7e\" data-element_type=\"section\" data-e-type=\"section\">\n\t\t\t\t\t\t<div class=\"elementor-container elementor-column-gap-default\">\n\t\t\t\t\t<div class=\"elementor-column elementor-col-100 elementor-top-column elementor-element elementor-element-231eadf\" data-id=\"231eadf\" data-element_type=\"column\" data-e-type=\"column\">\n\t\t\t<div class=\"elementor-widget-wrap elementor-element-populated\">\n\t\t\t\t\t\t<div class=\"elementor-element elementor-element-b05f2b8 elementor-widget elementor-widget-hfe-breadcrumbs-widget\" data-id=\"b05f2b8\" data-element_type=\"widget\" data-e-type=\"widget\" data-widget_type=\"hfe-breadcrumbs-widget.default\">\n\t\t\t\t<div class=\"elementor-widget-container\">\n\t\t\t\t\t<nav aria-label=\"Breadcrumb\"><ul class=\"hfe-breadcrumbs hfe-breadcrumbs-show-home\"><li class=\"hfe-breadcrumbs-item hfe-breadcrumbs-first\"><span class=\"hfe-breadcrumbs-home-icon\"><i aria-hidden=\"true\" class=\"fas fa-home\"><\/i><\/span><a href=\"http:\/\/www.prefeituradavitoria.pe.gov.br\/portal\"><span class=\"hfe-breadcrumbs-text\">Home<\/span><\/a><\/li><\/ul><\/nav>\t\t\t\t<\/div>\n\t\t\t\t<\/div>\n\t\t\t\t\t<\/div>\n\t\t<\/div>\n\t\t\t\t\t<\/div>\n\t\t<\/section>\n\t\t\t\t<section class=\"elementor-section elementor-top-section elementor-element elementor-element-a073d36 elementor-section-boxed elementor-section-height-default elementor-section-height-default\" data-id=\"a073d36\" data-element_type=\"section\" data-e-type=\"section\" data-settings=\"{&quot;background_background&quot;:&quot;classic&quot;,&quot;shape_divider_top&quot;:&quot;pyramids&quot;}\">\n\t\t\t\t\t<div class=\"elementor-shape elementor-shape-top\" aria-hidden=\"true\" data-negative=\"false\">\n\t\t\t<svg xmlns=\"http:\/\/www.w3.org\/2000\/svg\" viewBox=\"0 0 1000 100\" preserveAspectRatio=\"none\">\n\t<path class=\"elementor-shape-fill\" d=\"M761.9,44.1L643.1,27.2L333.8,98L0,3.8V0l1000,0v3.9\"\/>\n<\/svg>\t\t<\/div>\n\t\t\t\t\t<div class=\"elementor-container elementor-column-gap-default\">\n\t\t\t\t\t<div class=\"elementor-column elementor-col-100 elementor-top-column elementor-element elementor-element-850d371\" data-id=\"850d371\" data-element_type=\"column\" data-e-type=\"column\">\n\t\t\t<div class=\"elementor-widget-wrap elementor-element-populated\">\n\t\t\t\t\t\t<div class=\"elementor-element elementor-element-b4c2421 elementor-widget elementor-widget-heading\" data-id=\"b4c2421\" data-element_type=\"widget\" data-e-type=\"widget\" data-widget_type=\"heading.default\">\n\t\t\t\t<div class=\"elementor-widget-container\">\n\t\t\t\t\t<h2 class=\"elementor-heading-title elementor-size-default\">Secretaria da Mulher<\/h2>\t\t\t\t<\/div>\n\t\t\t\t<\/div>\n\t\t\t\t\t<\/div>\n\t\t<\/div>\n\t\t\t\t\t<\/div>\n\t\t<\/section>\n\t\t\t\t<section class=\"elementor-section elementor-top-section elementor-element elementor-element-e049e8c elementor-section-boxed elementor-section-height-default elementor-section-height-default\" data-id=\"e049e8c\" data-element_type=\"section\" data-e-type=\"section\">\n\t\t\t\t\t\t<div class=\"elementor-container elementor-column-gap-default\">\n\t\t\t\t\t<div class=\"elementor-column elementor-col-100 elementor-top-column elementor-element elementor-element-7b60583\" data-id=\"7b60583\" data-element_type=\"column\" data-e-type=\"column\">\n\t\t\t<div class=\"elementor-widget-wrap elementor-element-populated\">\n\t\t\t\t\t\t<div class=\"elementor-element elementor-element-fcf81ec elementor-widget elementor-widget-heading\" data-id=\"fcf81ec\" data-element_type=\"widget\" data-e-type=\"widget\" data-widget_type=\"heading.default\">\n\t\t\t\t<div class=\"elementor-widget-container\">\n\t\t\t\t\t<h4 class=\"elementor-heading-title elementor-size-default\">Not\u00edcias <\/h4>\t\t\t\t<\/div>\n\t\t\t\t<\/div>\n\t\t\t\t<div class=\"elementor-element elementor-element-79ad61f anwp-pg-post-teaser__post-icon--size-16 elementor-widget elementor-widget-anwp-pg-hero-block\" data-id=\"79ad61f\" data-element_type=\"widget\" data-e-type=\"widget\" data-widget_type=\"anwp-pg-hero-block.default\">\n\t\t\t\t<div class=\"elementor-widget-container\">\n\t\t\t\t\t<div class=\"anwp-pg-wrap\">\n\t<div class=\"d-flex anwp-row flex-wrap anwp-no-gutters anwp-pg-hero-block anwp-pg-posts-wrapper anwp-pg-gutter--thin\">\n\n\t\t<div class=\"anwp-col-sm-9 anwp-col-lg-6 anwp-pg-height-2x anwp-pg-hero-main-block-wrapper\">\n\t\t\t<div class=\"anwp-pg-post-teaser anwp-pg-post-teaser--layout-a anwp-pg-hero-main-block my-0\">\n\t<div class=\"anwp-pg-post-teaser__thumbnail position-relative\">\n\n\t\t\n\t\t\t\t\t<img loading=\"lazy\" class=\"anwp-pg-post-teaser__thumbnail-img d-block anwp-pg-height-180 anwp-object-cover m-0 w-100\"\n\t\t\t\talt=\"Vit\u00f3ria de Santo Ant\u00e3o institui Dia Municipal de Conscientiza\u00e7\u00e3o e Combate ao Feminic\u00eddio\"\n\t\t\t\tsrc=\"http:\/\/www.prefeituradavitoria.pe.gov.br\/portal\/wp-content\/uploads\/2025\/11\/587687563_18544391434025097_7356276620886499906_n-300x200.jpg\" \/>\n\t\t\n\t\t<div class=\"anwp-pg-post-teaser__muted_bg\"><\/div>\n\t\t<div class=\"anwp-pg-post-teaser__thumbnail-bg anwp-position-cover\"><\/div>\n\n\t\t<div class=\"anwp-pg-post-teaser__content d-flex flex-column anwp-position-cover\">\n\t\t\t<div class=\"anwp-pg-post-teaser__top-meta d-flex mb-2\">\n\t\t\t\t\t\t\t<\/div>\n\n\t\t\t\n\t\t\t<div class=\"anwp-pg-post-teaser__title anwp-font-heading mt-auto mb-1\">\n\t\t\t\tVit\u00f3ria de Santo Ant\u00e3o institui Dia Municipal de Conscientiza\u00e7\u00e3o e Combate ao Feminic\u00eddio\t\t\t<\/div>\n\n\t\t\t\t\t\t\t<div class=\"anwp-pg-post-teaser__bottom-meta mt-1 position-relative mb-2\">\n\t\t\t\t\t<span class=\"posted-on m-0\"><span class=\"screen-reader-text\">Posted on<\/span><time class=\"anwp-pg-published\" datetime=\"2025-11-25T11:17:13+00:00\">25 de novembro de 2025<\/time><time class=\"anwp-pg-updated\" datetime=\"2025-11-25T11:17:13+00:00\">25 de novembro de 2025<\/time><\/span>\n\t\t\t\t<\/div>\n\t\t\t\t\t<\/div>\n\n\t\t<a class=\"anwp-position-cover anwp-link-without-effects\" href=\"http:\/\/www.prefeituradavitoria.pe.gov.br\/portal\/index.php\/2025\/11\/25\/vitoria-de-santo-antao-institui-dia-municipal-de-conscientizacao-e-combate-ao-feminicidio\/\" aria-hidden=\"true\" ><\/a>\n\t<\/div>\n<\/div>\n\t\t<\/div>\n\t\t<div class=\"anwp-col-sm-3 anwp-pg-hero-secondary-block-wrapper\">\n\t\t\t<div class=\"anwp-pg-post-teaser anwp-pg-post-teaser--layout-a anwp-pg-hero-secondary-block\">\n\t<div class=\"anwp-pg-post-teaser__thumbnail position-relative\">\n\n\t\t\n\t\t\t\t\t<img loading=\"lazy\" class=\"anwp-pg-post-teaser__thumbnail-img d-block anwp-pg-height-180 anwp-object-cover m-0 w-100\"\n\t\t\t\talt=\"Vit\u00f3ria inicia programa\u00e7\u00e3o da Semana Nacional da Pessoa com Defici\u00eancia Intelectual e M\u00faltipla\"\n\t\t\t\tsrc=\"http:\/\/www.prefeituradavitoria.pe.gov.br\/portal\/wp-content\/uploads\/2025\/08\/ABERTURA-DA-SEMANA-DA-PESSOA-COM-DEFICIENCIA-300x200.jpeg\" \/>\n\t\t\n\t\t<div class=\"anwp-pg-post-teaser__muted_bg\"><\/div>\n\t\t<div class=\"anwp-pg-post-teaser__thumbnail-bg anwp-position-cover\"><\/div>\n\n\t\t<div class=\"anwp-pg-post-teaser__content d-flex flex-column anwp-position-cover\">\n\t\t\t<div class=\"anwp-pg-post-teaser__top-meta d-flex mb-2\">\n\t\t\t\t\t\t\t<\/div>\n\n\t\t\t\n\t\t\t<div class=\"anwp-pg-post-teaser__title anwp-font-heading mt-auto mb-1\">\n\t\t\t\tVit\u00f3ria inicia programa\u00e7\u00e3o da Semana Nacional da Pessoa com Defici\u00eancia Intelectual e M\u00faltipla\t\t\t<\/div>\n\n\t\t\t\t\t\t\t<div class=\"anwp-pg-post-teaser__bottom-meta mt-1 position-relative mb-2\">\n\t\t\t\t\t<span class=\"posted-on m-0\"><span class=\"screen-reader-text\">Posted on<\/span><time class=\"anwp-pg-published\" datetime=\"2025-08-21T21:54:31+00:00\">21 de agosto de 2025<\/time><time class=\"anwp-pg-updated\" datetime=\"2025-08-21T21:54:31+00:00\">21 de agosto de 2025<\/time><\/span>\n\t\t\t\t<\/div>\n\t\t\t\t\t<\/div>\n\n\t\t<a class=\"anwp-position-cover anwp-link-without-effects\" href=\"http:\/\/www.prefeituradavitoria.pe.gov.br\/portal\/index.php\/2025\/08\/21\/vitoria-inicia-programacao-da-semana-nacional-da-pessoa-com-deficiencia-intelectual-e-multipla\/\" aria-hidden=\"true\" ><\/a>\n\t<\/div>\n<\/div>\n<div class=\"anwp-pg-post-teaser anwp-pg-post-teaser--layout-a anwp-pg-hero-secondary-block\">\n\t<div class=\"anwp-pg-post-teaser__thumbnail position-relative\">\n\n\t\t\n\t\t\t\t\t<img loading=\"lazy\" class=\"anwp-pg-post-teaser__thumbnail-img d-block anwp-pg-height-180 anwp-object-cover m-0 w-100\"\n\t\t\t\talt=\"Agosto Lil\u00e1s: Vit\u00f3ria de Santo Ant\u00e3o realiza grande mutir\u00e3o de servi\u00e7os neste s\u00e1bado\"\n\t\t\t\tsrc=\"http:\/\/www.prefeituradavitoria.pe.gov.br\/portal\/wp-content\/uploads\/2021\/12\/PRACA-DOM-LUIS-DE-BRITO-300x225.jpeg\" \/>\n\t\t\n\t\t<div class=\"anwp-pg-post-teaser__muted_bg\"><\/div>\n\t\t<div class=\"anwp-pg-post-teaser__thumbnail-bg anwp-position-cover\"><\/div>\n\n\t\t<div class=\"anwp-pg-post-teaser__content d-flex flex-column anwp-position-cover\">\n\t\t\t<div class=\"anwp-pg-post-teaser__top-meta d-flex mb-2\">\n\t\t\t\t\t\t\t<\/div>\n\n\t\t\t\n\t\t\t<div class=\"anwp-pg-post-teaser__title anwp-font-heading mt-auto mb-1\">\n\t\t\t\tAgosto Lil\u00e1s: Vit\u00f3ria de Santo Ant\u00e3o realiza grande mutir\u00e3o de servi\u00e7os neste s\u00e1bado\t\t\t<\/div>\n\n\t\t\t\t\t\t\t<div class=\"anwp-pg-post-teaser__bottom-meta mt-1 position-relative mb-2\">\n\t\t\t\t\t<span class=\"posted-on m-0\"><span class=\"screen-reader-text\">Posted on<\/span><time class=\"anwp-pg-published\" datetime=\"2025-08-20T18:30:38+00:00\">20 de agosto de 2025<\/time><time class=\"anwp-pg-updated\" datetime=\"2025-08-20T18:30:38+00:00\">20 de agosto de 2025<\/time><\/span>\n\t\t\t\t<\/div>\n\t\t\t\t\t<\/div>\n\n\t\t<a class=\"anwp-position-cover anwp-link-without-effects\" href=\"http:\/\/www.prefeituradavitoria.pe.gov.br\/portal\/index.php\/2025\/08\/20\/agosto-lilas-vitoria-de-santo-antao-realiza-grande-mutirao-de-servicos-neste-sabado\/\" aria-hidden=\"true\" ><\/a>\n\t<\/div>\n<\/div>\n\t\t<\/div>\n\t\t<div class=\"anwp-col-sm-3 anwp-pg-hero-secondary-block-wrapper d-sm-none d-lg-block\">\n\t\t\t<div class=\"anwp-pg-post-teaser anwp-pg-post-teaser--layout-a anwp-pg-hero-secondary-block\">\n\t<div class=\"anwp-pg-post-teaser__thumbnail position-relative\">\n\n\t\t\n\t\t\t\t\t<img loading=\"lazy\" class=\"anwp-pg-post-teaser__thumbnail-img d-block anwp-pg-height-180 anwp-object-cover m-0 w-100\"\n\t\t\t\talt=\"Vit\u00f3ria de Santo Ant\u00e3o recebe Pr\u00eamio Prefeitura Amiga das Mulheres 2025 na Alepe\"\n\t\t\t\tsrc=\"http:\/\/www.prefeituradavitoria.pe.gov.br\/portal\/wp-content\/uploads\/2025\/04\/WhatsApp-Image-2025-04-24-at-10.56.59-1-300x200.jpeg\" \/>\n\t\t\n\t\t<div class=\"anwp-pg-post-teaser__muted_bg\"><\/div>\n\t\t<div class=\"anwp-pg-post-teaser__thumbnail-bg anwp-position-cover\"><\/div>\n\n\t\t<div class=\"anwp-pg-post-teaser__content d-flex flex-column anwp-position-cover\">\n\t\t\t<div class=\"anwp-pg-post-teaser__top-meta d-flex mb-2\">\n\t\t\t\t\t\t\t<\/div>\n\n\t\t\t\n\t\t\t<div class=\"anwp-pg-post-teaser__title anwp-font-heading mt-auto mb-1\">\n\t\t\t\tVit\u00f3ria de Santo Ant\u00e3o recebe Pr\u00eamio Prefeitura Amiga das Mulheres 2025 na Alepe\t\t\t<\/div>\n\n\t\t\t\t\t\t\t<div class=\"anwp-pg-post-teaser__bottom-meta mt-1 position-relative mb-2\">\n\t\t\t\t\t<span class=\"posted-on m-0\"><span class=\"screen-reader-text\">Posted on<\/span><time class=\"anwp-pg-published\" datetime=\"2025-04-25T11:34:08+00:00\">25 de abril de 2025<\/time><time class=\"anwp-pg-updated\" datetime=\"2025-04-25T11:34:08+00:00\">25 de abril de 2025<\/time><\/span>\n\t\t\t\t<\/div>\n\t\t\t\t\t<\/div>\n\n\t\t<a class=\"anwp-position-cover anwp-link-without-effects\" href=\"http:\/\/www.prefeituradavitoria.pe.gov.br\/portal\/index.php\/2025\/04\/25\/vitoria-de-santo-antao-recebe-premio-prefeitura-amiga-das-mulheres-2025-na-alepe\/\" aria-hidden=\"true\" ><\/a>\n\t<\/div>\n<\/div>\n<div class=\"anwp-pg-post-teaser anwp-pg-post-teaser--layout-a anwp-pg-hero-secondary-block\">\n\t<div class=\"anwp-pg-post-teaser__thumbnail position-relative\">\n\n\t\t\n\t\t\t\t\t<img loading=\"lazy\" class=\"anwp-pg-post-teaser__thumbnail-img d-block anwp-pg-height-180 anwp-object-cover m-0 w-100\"\n\t\t\t\talt=\"Carnaval da Vit\u00f3ria de Santo Ant\u00e3o ter\u00e1 servi\u00e7os de apoio e acolhimento para mulheres\"\n\t\t\t\tsrc=\"http:\/\/www.prefeituradavitoria.pe.gov.br\/portal\/wp-content\/uploads\/2025\/02\/WhatsApp-Image-2025-02-19-at-18.23.08-300x200.jpeg\" \/>\n\t\t\n\t\t<div class=\"anwp-pg-post-teaser__muted_bg\"><\/div>\n\t\t<div class=\"anwp-pg-post-teaser__thumbnail-bg anwp-position-cover\"><\/div>\n\n\t\t<div class=\"anwp-pg-post-teaser__content d-flex flex-column anwp-position-cover\">\n\t\t\t<div class=\"anwp-pg-post-teaser__top-meta d-flex mb-2\">\n\t\t\t\t\t\t\t<\/div>\n\n\t\t\t\n\t\t\t<div class=\"anwp-pg-post-teaser__title anwp-font-heading mt-auto mb-1\">\n\t\t\t\tCarnaval da Vit\u00f3ria de Santo Ant\u00e3o ter\u00e1 servi\u00e7os de apoio e acolhimento para mulheres\t\t\t<\/div>\n\n\t\t\t\t\t\t\t<div class=\"anwp-pg-post-teaser__bottom-meta mt-1 position-relative mb-2\">\n\t\t\t\t\t<span class=\"posted-on m-0\"><span class=\"screen-reader-text\">Posted on<\/span><time class=\"anwp-pg-published\" datetime=\"2025-02-19T21:24:54+00:00\">19 de fevereiro de 2025<\/time><time class=\"anwp-pg-updated\" datetime=\"2025-02-19T21:25:11+00:00\">19 de fevereiro de 2025<\/time><\/span>\n\t\t\t\t<\/div>\n\t\t\t\t\t<\/div>\n\n\t\t<a class=\"anwp-position-cover anwp-link-without-effects\" href=\"http:\/\/www.prefeituradavitoria.pe.gov.br\/portal\/index.php\/2025\/02\/19\/carnaval-da-vitoria-de-santo-antao-tera-servicos-de-apoio-e-acolhimento-para-mulheres\/\" aria-hidden=\"true\" ><\/a>\n\t<\/div>\n<\/div>\n\t\t<\/div>\n\t<\/div>\n<\/div>\n\t\t\t\t<\/div>\n\t\t\t\t<\/div>\n\t\t\t\t<div class=\"elementor-element elementor-element-1fc5773 elementor-button-info elementor-align-right elementor-widget elementor-widget-button\" data-id=\"1fc5773\" data-element_type=\"widget\" data-e-type=\"widget\" data-widget_type=\"button.default\">\n\t\t\t\t<div class=\"elementor-widget-container\">\n\t\t\t\t\t\t\t\t\t<div class=\"elementor-button-wrapper\">\n\t\t\t\t\t<a class=\"elementor-button elementor-button-link elementor-size-sm\" href=\"http:\/\/www.prefeituradavitoria.pe.gov.br\/portal\/index.php\/category\/secretaria-executiva-da-mulher\/\">\n\t\t\t\t\t\t<span class=\"elementor-button-content-wrapper\">\n\t\t\t\t\t\t<span class=\"elementor-button-icon\">\n\t\t\t\t<i aria-hidden=\"true\" class=\"fas fa-arrow-right\"><\/i>\t\t\t<\/span>\n\t\t\t\t\t\t\t\t\t<span class=\"elementor-button-text\">VER TODAS<\/span>\n\t\t\t\t\t<\/span>\n\t\t\t\t\t<\/a>\n\t\t\t\t<\/div>\n\t\t\t\t\t\t\t\t<\/div>\n\t\t\t\t<\/div>\n\t\t\t\t\t<\/div>\n\t\t<\/div>\n\t\t\t\t\t<\/div>\n\t\t<\/section>\n\t\t\t\t<section class=\"elementor-section elementor-top-section elementor-element elementor-element-9160f45 elementor-section-boxed elementor-section-height-default elementor-section-height-default\" data-id=\"9160f45\" data-element_type=\"section\" data-e-type=\"section\">\n\t\t\t\t\t\t<div class=\"elementor-container elementor-column-gap-default\">\n\t\t\t\t\t<div class=\"elementor-column elementor-col-100 elementor-top-column elementor-element elementor-element-147845d\" data-id=\"147845d\" data-element_type=\"column\" data-e-type=\"column\">\n\t\t\t<div class=\"elementor-widget-wrap elementor-element-populated\">\n\t\t\t\t\t\t<div class=\"elementor-element elementor-element-5e8ef9b elementor-tabs-view-horizontal elementor-widget elementor-widget-tabs\" data-id=\"5e8ef9b\" data-element_type=\"widget\" data-e-type=\"widget\" data-widget_type=\"tabs.default\">\n\t\t\t\t<div class=\"elementor-widget-container\">\n\t\t\t\t\t\t\t<div class=\"elementor-tabs\">\n\t\t\t<div class=\"elementor-tabs-wrapper\" role=\"tablist\" >\n\t\t\t\t\t\t\t\t\t<div id=\"elementor-tab-title-9911\" class=\"elementor-tab-title elementor-tab-desktop-title\" aria-selected=\"true\" data-tab=\"1\" role=\"tab\" tabindex=\"0\" aria-controls=\"elementor-tab-content-9911\" aria-expanded=\"false\">Sobre a Secretaria<\/div>\n\t\t\t\t\t\t\t\t\t<div id=\"elementor-tab-title-9912\" class=\"elementor-tab-title elementor-tab-desktop-title\" aria-selected=\"false\" data-tab=\"2\" role=\"tab\" tabindex=\"-1\" aria-controls=\"elementor-tab-content-9912\" aria-expanded=\"false\">Contato<\/div>\n\t\t\t\t\t\t\t<\/div>\n\t\t\t<div class=\"elementor-tabs-content-wrapper\" role=\"tablist\" aria-orientation=\"vertical\">\n\t\t\t\t\t\t\t\t\t<div class=\"elementor-tab-title elementor-tab-mobile-title\" aria-selected=\"true\" data-tab=\"1\" role=\"tab\" tabindex=\"0\" aria-controls=\"elementor-tab-content-9911\" aria-expanded=\"false\">Sobre a Secretaria<\/div>\n\t\t\t\t\t<div id=\"elementor-tab-content-9911\" class=\"elementor-tab-content elementor-clearfix\" data-tab=\"1\" role=\"tabpanel\" aria-labelledby=\"elementor-tab-title-9911\" tabindex=\"0\" hidden=\"false\"><p align=\"justify\"><strong>Compete a Secretaria Executiva da Mulher: <\/strong>Propor, coordenar e acompanhar as pol\u00edticas p\u00fablicas pela \u00f3tica de g\u00eanero; estimular, apoiar e desenvolver diagn\u00f3sticos sobre a situa\u00e7\u00e3o da Mulher no Munic\u00edpio; elaborar e implementar campanhas educativas de combate \u00e0 discrimina\u00e7\u00e3o no \u00e2mbito do Munic\u00edpio; elaborar o planejamento de g\u00eanero que contribua na a\u00e7\u00e3o do Governo Municipal com vistas \u00e0 promo\u00e7\u00e3o da igualdade; articular, promover e executar programas de coopera\u00e7\u00e3o com organismos p\u00fablicos e privados, voltados \u00e0 implementa\u00e7\u00e3o de pol\u00edticas para as mulheres; Implantar e consolidar uma Secretaria comprometida com a perspectiva feminista de inclus\u00e3o social, de humaniza\u00e7\u00e3o das rela\u00e7\u00f5es de poder e de empoderamento econ\u00f4mico das mulheres; Atender, orientar, acolher e\/ou encaminhar mulheres v\u00edtimas ou n\u00e3o de qualquer tipo de viol\u00eancia; buscar parcerias com institui\u00e7\u00f5es, com o Minist\u00e9rio P\u00fablico de Pernambuco (MPPE), Defensoria P\u00fablica, Delegacia de Pol\u00edcia, Conselho Tutelar, Secretaria de Educa\u00e7\u00e3o, Secretaria de Defesa Social, A\u00e7\u00e3o e Desenvolvimento Social, Crian\u00e7a e Juventude, Finan\u00e7as, Jur\u00eddico, Imprensa e Secretaria da Mulher do Estado de Pernambuco; formar parceria com o SEBRAE, SENAC, SESI e SENAI, e Secretarias do Munic\u00edpio para oferecer cursos profissionalizantes para mulheres de todas as idades; Apoiar as a\u00e7\u00f5es do Conselho Municipal da Mulher, Criar Comit\u00eas de oficinas, a\u00e7\u00f5es de forma\u00e7\u00e3o e rodas de conversa e promo\u00e7\u00e3o de direitos; Realizar a Confer\u00eancia Municipal da Mulher, obedecendo \u00e0 convoca\u00e7\u00e3o da Secretaria de Pol\u00edticas para as Mulheres da Presid\u00eancia da Rep\u00fablica; Planejar a Assist\u00eancia Sistem\u00e1tica \u00e0s mulheres da Zona Rural do Munic\u00edpio; Propor a celebra\u00e7\u00e3o de conv\u00eanios nas \u00e1reas que dizem respeito a pol\u00edticas espec\u00edficas de interesse da Mulher, acompanhando-os at\u00e9 o fim; Efetuar outras atividades afins, no \u00e2mbito de suas compet\u00eancias.<\/p><\/div>\n\t\t\t\t\t\t\t\t\t<div class=\"elementor-tab-title elementor-tab-mobile-title\" aria-selected=\"false\" data-tab=\"2\" role=\"tab\" tabindex=\"-1\" aria-controls=\"elementor-tab-content-9912\" aria-expanded=\"false\">Contato<\/div>\n\t\t\t\t\t<div id=\"elementor-tab-content-9912\" class=\"elementor-tab-content elementor-clearfix\" data-tab=\"2\" role=\"tabpanel\" aria-labelledby=\"elementor-tab-title-9912\" tabindex=\"0\" hidden=\"hidden\"><p><strong><img fetchpriority=\"high\" decoding=\"async\" src=\"http:\/\/www.prefeituradavitoria.pe.gov.br\/portal\/wp-content\/uploads\/2025\/04\/de695495-df22-4c60-a582-ca89b56ceff3-225x300.jpg\" alt=\"\" width=\"365\" height=\"487\"><\/strong><\/p>\n<p><strong>&nbsp;<\/strong><\/p>\n<p><strong>Secret\u00e1ria<\/strong>: Tha\u00eds Karine de Lima Xavier<\/p>\n<p><b>Endere\u00e7o: <\/b>Rua Ismael de Andrade, 152-A &#8211; Matriz, CEP<br>55.612-520;<\/p>\n<p>H<b>or\u00e1rio de funcionamento: <\/b>De segunda a sexta, das 8h \u00e0s 14h;<\/p>\n<p><b>Contato:<\/b> (81) 9.9596-0575;<\/p>\n<p><b>Plant\u00e3o Lisbela 24h:<\/b> por liga\u00e7\u00e3o e WhatsApp pelo\nn\u00famero (81) 99596-0575, de domingo a domingo;<o:p><\/o:p><\/p>\n<p><b>Endere\u00e7o eletr\u00f4nico:<br><\/b>sec.mulher@prefeituradavitoria.pe.gov.br.<\/p><\/div>\n\t\t\t\t\t\t\t<\/div>\n\t\t<\/div>\n\t\t\t\t\t\t<\/div>\n\t\t\t\t<\/div>\n\t\t\t\t\t<\/div>\n\t\t<\/div>\n\t\t\t\t\t<\/div>\n\t\t<\/section>\n\t\t\t\t<\/div>\n\t\t","protected":false},"excerpt":{"rendered":"<p>Home Secretaria da Mulher Not\u00edcias Vit\u00f3ria de Santo Ant\u00e3o recebe Pr\u00eamio Prefeitura Amiga das Mulheres 2025 na Alepe Posted on25 de abril de 202525 de abril de 2025 Carnaval da Vit\u00f3ria de Santo Ant\u00e3o ter\u00e1 servi\u00e7os de apoio e acolhimento para mulheres Posted on19 de fevereiro de 202519 de fevereiro de 2025 Rede de Apoio [&hellip;]<\/p>\n","protected":false},"author":1,"featured_media":0,"parent":0,"menu_order":0,"comment_status":"closed","ping_status":"closed","template":"","meta":{"site-sidebar-layout":"no-sidebar","site-content-layout":"page-builder","ast-site-content-layout":"default","site-content-style":"default","site-sidebar-style":"default","ast-global-header-display":"","ast-banner-title-visibility":"","ast-main-header-display":"","ast-hfb-above-header-display":"","ast-hfb-below-header-display":"","ast-hfb-mobile-header-display":"","site-post-title":"disabled","ast-breadcrumbs-content":null,"ast-featured-img":"disabled","footer-sml-layout":"","ast-disable-related-posts":"","theme-transparent-header-meta":"enabled","adv-header-id-meta":null,"stick-header-meta":null,"header-above-stick-meta":null,"header-main-stick-meta":null,"header-below-stick-meta":null,"astra-migrate-meta-layouts":"default","ast-page-background-enabled":"default","ast-page-background-meta":{"desktop":{"background-color":"","background-image":"","background-repeat":"repeat","background-position":"center center","background-size":"auto","background-attachment":"scroll","background-type":"","background-media":"","overlay-type":"","overlay-color":"","overlay-opacity":"","overlay-gradient":""},"tablet":{"background-color":"","background-image":"","background-repeat":"repeat","background-position":"center center","background-size":"auto","background-attachment":"scroll","background-type":"","background-media":"","overlay-type":"","overlay-color":"","overlay-opacity":"","overlay-gradient":""},"mobile":{"background-color":"","background-image":"","background-repeat":"repeat","background-position":"center center","background-size":"auto","background-attachment":"scroll","background-type":"","background-media":"","overlay-type":"","overlay-color":"","overlay-opacity":"","overlay-gradient":""}},"ast-content-background-meta":{"desktop":{"background-color":"var(--ast-global-color-5)","background-image":"","background-repeat":"repeat","background-position":"center center","background-size":"auto","background-attachment":"scroll","background-type":"","background-media":"","overlay-type":"","overlay-color":"","overlay-opacity":"","overlay-gradient":""},"tablet":{"background-color":"var(--ast-global-color-5)","background-image":"","background-repeat":"repeat","background-position":"center center","background-size":"auto","background-attachment":"scroll","background-type":"","background-media":"","overlay-type":"","overlay-color":"","overlay-opacity":"","overlay-gradient":""},"mobile":{"background-color":"var(--ast-global-color-5)","background-image":"","background-repeat":"repeat","background-position":"center center","background-size":"auto","background-attachment":"scroll","background-type":"","background-media":"","overlay-type":"","overlay-color":"","overlay-opacity":"","overlay-gradient":""}},"footnotes":""},"class_list":["post-18138","page","type-page","status-publish","hentry"],"_links":{"self":[{"href":"http:\/\/www.prefeituradavitoria.pe.gov.br\/portal\/index.php\/wp-json\/wp\/v2\/pages\/18138","targetHints":{"allow":["GET"]}}],"collection":[{"href":"http:\/\/www.prefeituradavitoria.pe.gov.br\/portal\/index.php\/wp-json\/wp\/v2\/pages"}],"about":[{"href":"http:\/\/www.prefeituradavitoria.pe.gov.br\/portal\/index.php\/wp-json\/wp\/v2\/types\/page"}],"author":[{"embeddable":true,"href":"http:\/\/www.prefeituradavitoria.pe.gov.br\/portal\/index.php\/wp-json\/wp\/v2\/users\/1"}],"replies":[{"embeddable":true,"href":"http:\/\/www.prefeituradavitoria.pe.gov.br\/portal\/index.php\/wp-json\/wp\/v2\/comments?post=18138"}],"version-history":[{"count":67,"href":"http:\/\/www.prefeituradavitoria.pe.gov.br\/portal\/index.php\/wp-json\/wp\/v2\/pages\/18138\/revisions"}],"predecessor-version":[{"id":32288,"href":"http:\/\/www.prefeituradavitoria.pe.gov.br\/portal\/index.php\/wp-json\/wp\/v2\/pages\/18138\/revisions\/32288"}],"wp:attachment":[{"href":"http:\/\/www.prefeituradavitoria.pe.gov.br\/portal\/index.php\/wp-json\/wp\/v2\/media?parent=18138"}],"curies":[{"name":"wp","href":"https:\/\/api.w.org\/{rel}","templated":true}]}}